, 7
Let t = -2 + -4. Suppose -33*w - 32 = -25*w. List the prime factors of 7*w/8*t.
3, 7
What are the prime factors of (2 - -15)*3*10/3?
2, 5, 17
Let h be (272/(-20))/(-4) + (-4)/10. Suppose -69 = -h*z + 48. List the prime factors of z.
3, 13
Let p be (-21)/(-35) - 904/(-10). Suppose -p - 238 = -7*y. List the prime factors of y.
47
Suppose 4*s = -2*m - 30, -3*m - 11 = 4*s + 18. Let k(l) = -24*l - 23. What are the prime factors of k(s)?
13
Let i(q) = -767*q**3 + 2*q**2 - 13*q - 14. List the prime factors of i(-1).
2, 3
Suppose 4*q - 3*k + 1 - 39 = 0, -4*q - k + 30 = 0. Suppose 455 = q*z - z. What are the prime factors of z?
5, 13
What are the prime factors of (28/42)/(4/1278)?
3, 71
Let f(d) = d**3 + d**2 - 12*d. Let p be f(3). Suppose p = -5*o - v + 1144, -o + 6*v - 2*v = -233. What are the prime factors of o?
229
Let r = 2542 + -1249. What are the prime factors of r?
3, 431
Let f(s) be the second derivative of s**5/20 - s**4/2 - 5*s**3/3 - 4*s**2 + 3*s. Let o be f(8). Suppose 4*a - o = -0*a. What are the prime factors of a?
2, 5
Let p = 82 - 81. List the prime factors of -1 + (p + 663)/4.
3, 5, 11
Let r(l) = 8*l + 1. Let m be (-18)/(-2) + -5 + 1. What are the prime factors of r(m)?
41
Suppose 0 = 4*y + 3*z - 11975, -1247 - 1728 = -y + 3*z. List the prime factors of y.
2, 5, 13, 23
Suppose -3*r + 0*r = -336. Suppose -2*b = 5*y - 33 - 191, -y - r = -b. Suppose 0 = -4*w + 2*w - 2*t + 68, -4*t = -4*w + b. What are the prime factors of w?
31
Let q = 10 - 18. Let l be q/16*4/(-1). Suppose 0*f + l*f = 24. List the prime factors of f.
2, 3
Let d(g) = 8*g**3 - 4*g**2 + 2*g - 3. Suppose 4*w - 2*t = 16, -w = -0*w + 2*t + 1. What are the prime factors of d(w)?
3, 61
Let g = -5839 - -8551. List the prime factors of g.
2, 3, 113
Suppose 4*b + 4*w + 6824 = 7*b, 0 = -4*w - 8. List the prime factors of b.
2, 71
Let x(v) = 9*v**2 + v. Suppose 5 = 6*q - 13. Let k be x(q). Suppose -2*h - 102 = -3*p - h, 3*p + 5*h = k. What are the prime factors of p?
3, 11
What are the prime factors of (-16075)/(-75) - 5/(-3)?
2, 3
Suppose 4*v - 3*r = -7*r + 6188, 0 = 4*r - 4. What are the prime factors of v?
2, 773
Let k(o) = 52*o + 4. Let z be k(1). Let v = -15 + z. What are the prime factors of v?
41
Let t(s) = -s**2 - 5*s. Let u be t(-5). Suppose u = 3*y - 214 - 191. Suppose 4*i = i + y. List the prime factors of i.
3, 5
Suppose 0 = 5*v - 7*v + 26. Let i = 7 - v. What are the prime factors of (i - 1)*(-12)/4?
3, 7
What are the prime factors of 100/8*(-76)/(-5)?
2, 5, 19
Suppose -4*p = -2*f + 8, 0 = 6*f - 2*f + 4*p + 8. What are the prime factors of 9 - (1 + f) - (-5 - -8)?
5
Let p be (-4 - -2) + (2 - -4). Suppose -o + 2*w - 5*w + 101 = 0, 396 = 4*o + p*w. What are the prime factors of o?
2, 7
Let w = 2214 - 1465. What are the prime factors of w?
7, 107
Let w = -260 + 988. List the prime factors of w.
2, 7, 13
Suppose -4241 = -5*d - 2*y, 0 = d - 18*y + 14*y - 835. List the prime factors of d.
7, 11
Suppose -36 = -3*a + 2*o, -2*a + 11*o = 6*o - 35. Let q = 28 - a. What are the prime factors of q?
2, 3
Suppose 2*f - 698 = -4*z, 6*z - 871 = z - 3*f. What are the prime factors of (6/4)/(8/z)?
3, 11
Let k(q) = -q - 4. Let r = -3 + -13. Let x be k(r). Suppose 2*c - 4*p + 6 = -9*p, 0 = 4*c + 4*p - x. What are the prime factors of c?
7
Let d be (24/(-32))/((-1)/(-16)). Let r = d + -6. Let u = r + 36. List the prime factors of u.
2, 3
Suppose -s + 3*s - 184 = 0. Suppose 6*k + s = 10*k. List the prime factors of k.
23
Suppose -4*r - 2*m + 554 = -r, 4*r - 752 = 4*m. List the prime factors of 2/(r/45 - 4).
3, 5
Let z(l) = -13*l**3 - 18*l + 31*l**3 + 13*l**2 - 8 - 19*l**3. List the prime factors of z(10).
2, 7
Let g = 582 - 39. List the prime factors of g.
3, 181
Let p = -57 - -99. Let a = p + -33. What are the prime factors of a?
3
Let h = -158 + 87. Let z be (-1 + h)*9/(-2). What are the prime factors of -1 - 0 - z/(-9)?
5, 7
Let j(g) = 8*g - 12. Suppose -4*a + a = 3*b + 24, -2*b + 2 = 0. Let f be (5 + 0)/(a/(-9)). List the prime factors of j(f).
2, 7
Suppose s - y - 1680 = y, -3*y - 15 = 0. List the prime factors of s.
2, 5, 167
Let s(g) = -43*g**3 + 8*g**2 + 19*g - 1. What are the prime factors of s(-3)?
5, 47
Let v be 16/(-4) + -1*20. Let r = v + 57. What are the prime factors of r?
3, 11
Let i be (-5 - 255/(-35)) + (-4)/14. Suppose -i*x - 22 = -4*x. What are the prime factors of x?
11
Let o = -11 + 17. Let m be ((-135)/(-20))/(o/16). Let l = m - 8. What are the prime factors of l?
2, 5
Let w(j) = -11*j**3 - 2*j**2 - 2*j - 1. Suppose 0 = -3*l + 2*c + 25, -5*l + l - 5*c - 5 = 0. Suppose -3*d - l = 2*d. What are the prime factors of w(d)?
2, 5
Suppose -5*n = -2*m - 3 + 19, 2*m - 20 = 3*n. What are the prime factors of m?
13
Let x(w) = 2*w**2 - 16*w + 29. List the prime factors of x(16).
3, 5, 19
Let y = 817 - 879. Suppose 5*h = -0*h. List the prime factors of h - y - (-4)/(-2).
2, 3, 5
List the prime factors of 36/(-10)*765/(-34).
3
Let d be (1 + 0)/1 + (620 - -2). Suppose d + 268 = 9*a. What are the prime factors of a?
3, 11
Let q(j) = j**3 - j**2 + 2*j - 3. Suppose 6 = 3*i + 2*v, 3*i - 17 = 4*v + 7. What are the prime factors of q(i)?
53
Suppose -5*a = -8 - 7. Suppose -a*m + 20 = -4*m. Let b = m + 68. List the prime factors of b.
2, 3
Let w(r) = r - 16. Let b be w(12). Let q be ((b - 0) + 1)/1. What are the prime factors of q + (-4 + 1 - -30)?
2, 3
Let k = -14 + 9. Let d be (-4)/(-2) + (k - 77). What are the prime factors of d/(-12)*48/20?
2
Let x(n) = -n**2 - 14*n + 4. Let y be x(-14). Suppose -4*a + 16 = 5*u, -u = 7*a - y*a - 12. Suppose -d + 2 = u, 92 = k + 3*k - 2*d. List the prime factors of k.
2, 3
Let o = 2936 - 1273. List the prime factors of o.
1663
Let b be 1/((-3)/(-2) + -1). Suppose -5*t - 13 - b = 0. Let m = 1 - t. List the prime factors of m.
2
Suppose 10*m = 17*m - 1428. Let g = m - 113. What are the prime factors of g?
7, 13
Let o = 495 - -855. What are the prime factors of o?
2, 3, 5
Suppose 3*z + 1587 = u, -3*u = -7*u + 4*z + 6380. What are the prime factors of u?
3, 13, 41
Let t(m) = m**3 + 1 - 12*m - m**3 + 10*m**2 + m**3. List the prime factors of t(-10).
11
Suppose -789 = -4*r - 3*x, 4*x = -5*r - 115 + 1102. Suppose 15*o = 10*o + r. List the prime factors of o.
3, 13
Let q be 8/6*39/26. Suppose 4*v - 101 = 5*k, v - k - q*k = 20. What are the prime factors of v?
29
Let i = -608 - -1557. What are the prime factors of i?
13, 73
Suppose -2*n + 8 = 2. Suppose n*v = 5*v - 40. List the prime factors of v.
2, 5
Suppose 2*v - 41 = -3*v - 4*j, -5*j + 45 = 5*v. Suppose -362 = -v*s + y, -213 = -s - 2*s + 2*y. List the prime factors of s.
73
Let g(l) = 2*l**2 - 22*l - 46. List the prime factors of g(27).
2, 409
Let o be (2*(-214)/4)/(-1). Let l = o + 46. What are the prime factors of l?
3, 17
Let i(y) = y**3 + 12*y**2 - 47*y + 104. List the prime factors of i(9).
2, 691
Let u(q) = 18*q**2 + 20. List the prime factors of u(5).
2, 5, 47
Let u(c) = 85*c**2 - 15*c**2 + 1 - 18*c**2 - 14*c**2 - 20*c**2. Let t be 32/18 - 2/(-9). What are the prime factors of u(t)?
73
Let d(j) = 13*j**2 + 6*j + 1. Let b be d(-4). Let m = 63 + b. What are the prime factors of m?
2, 31
Suppose 5*z - 110 + 45 = 0. Suppose p - 13 = z. Suppose 4*n = 5*v + 110, -n - 2*v = -4*v - p. What are the prime factors of n?
2, 3, 5
Suppose -r + 5*y - 9 = y, -3*y = -9. Suppose 0 = r*f - f - 8. What are the prime factors of f?
2
Let q(j) be the third derivative of -5*j**4/24 - 2*j**2 + 14*j. What are the prime factors of q(-15)?
3, 5
Let k = 7484 + -3632. What are the prime factors of k?
2, 3, 107
Let h(x) = x**3 + x + 22. Suppose -s + 0*z - 2*z = -16, 4*s = 4*z + 4. Let w = -6 + s. List the prime factors of h(w).
2, 11
Suppose 0 = z + 5*j - 770, 3*z - 3*j - 3604 + 1312 = 0. What are the prime factors of z?
3, 5, 17
Let p(w) = w**2 - 3*w + 326. What are the prime factors of p(0)?
2, 163
Let r = 5110 + -3411. What are the prime factors of r?
1699
Let j = 87 - 121. Let l = j + 135. What are the prime factors of l?
101
Let m = 14 - -264. Let w = m + -57. List the prime factors of w.
13, 17
List the prime factors of 7466/8 + 39/52.
2, 467
Suppose 0 = -3*t + x + 129, 3*x - x = 5*t - 214. Let z be (3/2)/(9/(-168)). Let w = z + t. List the prime factors of w.
2
Let v(n) = -4*n**3 + 5*n**2 + 6*n + 3. Let t be v(-2). Let